w(-8). List the prime factors of 2 + 4 + -4 + d.
43
Let l(k) = -k**3 + 13*k**2 + 5*k - 2. Let u be l(7). Suppose 2*c + u = 5*c. List the prime factors of c.
109
Suppose 7 = -3*j + 133. What are the prime factors of j - (1 - (-8)/(-4))?
43
Let k(x) = 2*x**2 - 5*x + 6. Let h be k(-6). Let r = -52 + h. What are the prime factors of r?
2, 7
Let l(y) = -13 + 2*y + 8*y**2 - 11 + 27. What are the prime factors of l(-4)?
3, 41
Suppose 15*f = 9*f + 108. Suppose f*n + 324 = 1296. List the prime factors of n.
2, 3
Let c = -37 + 43. Let t(y) = -2*y + 40. What are the prime factors of t(c)?
2, 7
Let p(d) = 33*d + 37*d - 8 - 69*d. Let q be p(11). Suppose 8*b - 115 = q*b. What are the prime factors of b?
23
Let p(j) = j**3 + 8*j**2 + 5*j - 10. Let d be p(-6). Let g = -146 + d. What are the prime factors of 1/(g/58 - -2)?
29
Suppose 4*y = 2*l - 3*l + 259, -63 = -y - 2*l. What are the prime factors of y?
5, 13
Suppose 0 = 4*v + 3*o - 25, 2*v + 13*o = 14*o + 5. Suppose -v*q + 362 = 6. List the prime factors of q.
89
Let k = 7 - 1. Suppose k*h - 504 = 2*h. Suppose 0 = 4*m - h - 2. List the prime factors of m.
2
Suppose 8*d = 7*d - 14. Let l = -8 - d. Suppose 7*b - l*b - 9 = 0. What are the prime factors of b?
3
Let b = 1431 - 548. What are the prime factors of b?
883
Let n(d) = 6*d**3 + 8*d**2 + 6*d + 0*d**3 + 9 - 5*d**3. List the prime factors of n(-5).
2, 3
Suppose 3*c - 2 = -4*n + c, 5*n + c - 10 = 0. Suppose b = 2*z - 61, 43 = -2*z + n*z - 3*b. List the prime factors of z.
2, 7
Let y(t) = 32 - 3 - 17 + 20*t - 6*t. Let k be y(7). Suppose -k - 25 = -5*w. What are the prime factors of w?
3
Suppose 138 - 47 = 7*l. Suppose 5 = 2*k - 3*s, 5*k - 2*k = -s + l. What are the prime factors of 2/(-4)*(0 - k)?
2
What are the prime factors of (-4*15790/40)/(1 + -2)?
1579
Suppose 0*x + 8*x + 2216 = 0. Let d = x - -447. What are the prime factors of d?
2, 5, 17
Let q = -1005 + 2850. Suppose 5*i = 14*i - q. What are the prime factors of i?
5, 41
List the prime factors of (-34)/(-4)*(-38 + 160).
17, 61
Suppose 5*u - 5*w = u + 345, 3*w = 2*u - 171. What are the prime factors of (-131)/((-110)/u + 4/18)?
131
Suppose -3*h + 3*g - 14 = -62, 5 = g. Let a(j) = -j**3 + 21*j**2 + 2*j + 20. List the prime factors of a(h).
2, 31
Let l(d) = 36*d - 9. What are the prime factors of l(23)?
3, 7, 13
Let q = 570 + 243. List the prime factors of q.
3, 271
Suppose 0 = 15*z + 5*z + 1140. List the prime factors of 4/((-8)/(-30)) - z/19.
2, 3
Suppose -2*s + 3*f + 374 = 0, -638 = -5*s - 2*f + 316. Suppose 0 = 3*t - s + 31. Suppose 5*r - t = 2*b - 18, r - 5*b - 30 = 0. List the prime factors of r.
5
Let k = -612 - -979. What are the prime factors of k?
367
Let u(o) = 202*o**2 + 6*o + 70. List the prime factors of u(-4).
2, 11, 149
Suppose -13 = 6*f - 55. Let q(h) = 0*h + 1 - 2 + 3*h. What are the prime factors of q(f)?
2, 5
Let y = 546 + -333. Let t = -97 + y. List the prime factors of t.
2, 29
Suppose 32*q - 23*q = 10800. List the prime factors of q.
2, 3, 5
Let d(w) = -13*w**3 + w**2 - 20*w - 19. What are the prime factors of d(-5)?
3, 577
Let r(u) = 136*u + 112. What are the prime factors of r(17)?
2, 3, 101
Let c(n) = 6*n**3 - 8*n**2 + 44*n - 25. List the prime factors of c(6).
29, 43
Let y(m) = -m**3 + m**2 + m + 119. Let a be 0/((-8)/4)*1/(-2). List the prime factors of y(a).
7, 17
Let p(r) = r**3 - r**2 - r - 1. Let q be p(3). Let t = 56 - q. What are the prime factors of t?
2, 3, 7
Let g(z) = 6*z**3 + 5*z**2 - 7*z - 5. Let q(p) = -7*p**3 - 5*p**2 + 7*p + 6. Let j(a) = 6*g(a) + 5*q(a). What are the prime factors of j(-5)?
5, 7
Let h = 171 + -100. Let i = 122 - h. List the prime factors of i.
3, 17
Let j(b) = 0*b**2 + 14 + 3*b**2 - b + 0*b**2 - 6*b. What are the prime factors of j(4)?
2, 17
Let t = 2412 - 1338. What are the prime factors of t?
2, 3, 179
Let d(t) = -5*t**3 - 7*t**2 - t - 6. Let g be d(-5). Suppose -4*x = g + 199. List the prime factors of (-2)/(-3)*x/(-4).
3
Let n be (0 + -2)*5/((-40)/(-108)). Let g(x) = -x - 1. Let j be g(4). Let s = j - n. List the prime factors of s.
2, 11
Let a = 3804 + 63. List the prime factors of a.
3, 1289
Let o(m) = 2*m**3 - 2*m + 19. Let i(z) = z**3 - z + 9. Let p(q) = 7*i(q) - 3*o(q). List the prime factors of p(5).
2, 3, 7
Let p(m) = -m**3 + 6*m**2 + m - 3. Let c be p(6). Suppose c = -4*a + 283. What are the prime factors of a?
2, 5, 7
Suppose 0 = 5*k - 3*l - 6, -3*k - 2*l - 3*l - 10 = 0. List the prime factors of (3 - (0 - k)) + 51.
2, 3
Suppose -2*f = -0*f - 2. Let x = 19 - f. Suppose 0 = r + r - x. List the prime factors of r.
3
Suppose 3*p = -6, 0*i + i + 4*p = 867. What are the prime factors of i?
5, 7
Suppose -a + 10*a - 6624 = 0. What are the prime factors of (a/48)/((-2)/(-3))?
23
What are the prime factors of -4 - -4 - -1175 - 7?
2, 73
Let v = 2 + 5. Let l = v + 48. What are the prime factors of l?
5, 11
Let f = -2682 - -5616. What are the prime factors of f?
2, 3, 163
Suppose 4*a - 4798 - 1552 = -2*v, -a + 2*v = -1600. List the prime factors of a.
2, 3, 5, 53
Let l = 1600 - 957. What are the prime factors of l?
643
Suppose 4*u + 0*u = -n + 1133, 3*u = 3*n + 846. What are the prime factors of u?
283
Let m be 3 - 4 - 38/(-2). Suppose -4*r = -2*r - m. Let o = 14 + r. What are the prime factors of o?
23
Let j be -4 + 130/((-10)/(-2)). Let a = j + -32. What are the prime factors of a/6*1*-15?
5
Let n be (-15 + -1 - 4)*-9. Suppose -330 = -2*h - 4*g, -21 = h + 5*g - n. What are the prime factors of h?
13
Let t be (1 - 3)/(-2) - -9. Let s(g) = 10 - 9 - 11 + 2*g + 12. List the prime factors of s(t).
2, 11
Let x(i) = -2*i**2 - 6*i + 10. Let a be x(-4). What are the prime factors of ((-42)/4 - a)/(1/(-22))?
5, 11
Let q = -51 + 76. Let s be -14 + 2*(-10)/5. Let y = s + q. List the prime factors of y.
7
Let h(n) = n**3 + 11*n**2 - 13*n - 4. Let b be h(-12). Let z = -5 + b. What are the prime factors of (z*-6)/((-15)/40)?
2, 3
Let t(v) = 529 - 533 + v - 10*v. Let s be t(9). Let z = s + 136. What are the prime factors of z?
3, 17
Suppose -3*i = -2*i. Suppose 3*r + i*r = 12. Suppose r*y + 1 = 221. List the prime factors of y.
5, 11
Let a(n) = 2*n**2 + 2*n. Let i = 26 + -30. Let b be a(i). Suppose -b = -2*f + 66. List the prime factors of f.
3, 5
Let n be (-3 + 0)*1/(-3). Let w be 3 + (n - 2) + 8. Suppose -w = -l - 0*l. What are the prime factors of l?
2, 5
Let u be 207 - 9/(-6)*2. Suppose -o + u = 4*o. What are the prime factors of o?
2, 3, 7
Suppose 31*n - 88413 = -8*n. List the prime factors of n.
2267
Suppose 4408 = 32*n - 23304. List the prime factors of n.
2, 433
Let p be ((-8)/4 - -3) + 303. Suppose -109*i = -110*i + p. What are the prime factors of i?
2, 19
Suppose 0*n - 2*t = -n + 15, -2*t = 2*n. Let f(x) = x**2 - 40*x + 9 - 32*x + 70*x. List the prime factors of f(n).
2, 3
Let d be (16/28)/(1/(7/2)). Suppose -d*c = -4*x - 24, 2*c + 3*x = -0*x - 4. What are the prime factors of c?
2
Suppose 2*o + 3236 = 4*m + 678, -2*m = o - 1277. List the prime factors of m.
3, 71
Let u(o) = -o**3 - 10*o**2 - 10*o - 5. Let j be u(-9). Suppose -j*x + 334 = -2*v, 5*v - 266 = -3*x - 22. List the prime factors of x.
83
Suppose 288 + 24 = 8*j. Let h = j + -31. What are the prime factors of h?
2
Suppose -4*j + 4*a + 12 = 2*a, -28 = -4*j - 2*a. Suppose -j*q + q = -u - 147, 2*u - 48 = -q. List the prime factors of q.
2, 19
Let f(k) = k**2 + 2. Let q be f(0). Suppose 20 = q*z - 4*p - 6, 3*z - 28 = -5*p. Suppose v - z - 14 = 0. List the prime factors of v.
5
Let l = 81 + 224. What are the prime factors of l?
5, 61
Let n(b) = -4*b. Let l be n(-1). Suppose -4*v = -33 + 5. Suppose -v*m + l*m = -30. What are the prime factors of m?
2, 5
Let z = 7 + -25. List the prime factors of -2*z*28/16.
3, 7
Let i = 9739 + -3549. What are the prime factors of i?
2, 5, 619
Let k(y) = y**3 - 12*y**2 - 11*y + 6. Let i(z) = 22*z**2 - z - 2. Let r be i(2). Suppose -5*f = 19 - r. What are the prime factors of k(f)?
2
Suppose 4*v = -4*p - 60, 0 = v + 4*p + 16 - 1. Let u(r) be the first derivative of -r**4/4 - 5*r**3 - r**2 - 5*r + 4. List the prime factors of u(v).
5
Let u = 109 - 102. Suppose n = u*n - 1080. List the prime factors of n.
2, 3, 5
Let a = 4 + 5. Let w = 21 + a. Suppose -3*q + 0 + w = 0. List the prime factors of q.
2, 5
Let a(x) = -2*x**2 + 4*x + 43. Let q(b) = b**2 - b + 1. 